{"id":188,"date":"2013-04-26T22:01:32","date_gmt":"2013-04-26T19:01:32","guid":{"rendered":"http:\/\/kainuunpuutarhayhdistys.fi\/2013\/?page_id=188"},"modified":"2015-05-25T20:41:09","modified_gmt":"2015-05-25T17:41:09","slug":"tietoiskut","status":"publish","type":"page","link":"https:\/\/kainuunpuutarhayhdistys.fi\/?page_id=188","title":{"rendered":"Tietoiskut"},"content":{"rendered":"<p><em><a href=\"https:\/\/kainuunpuutarhayhdistys.fi\/2013\/wp-content\/uploads\/2013\/04\/gard.jpg\"><img loading=\"lazy\" decoding=\"async\" class=\"alignleft size-thumbnail wp-image-189\" alt=\"gard\" src=\"https:\/\/kainuunpuutarhayhdistys.fi\/2013\/wp-content\/uploads\/2013\/04\/gard-150x150.jpg\" width=\"150\" height=\"150\" \/><\/a>&#8221;Kev\u00e4taurinko kutittaa jo kummasti viherpeukalon sormia puutarhat\u00f6ihin. Ennen varsinaista kasvukauden alkua voimmekin jo tehd\u00e4 paljon puutarhamme hyv\u00e4ksi, vaikka ulkona onkin toista metri\u00e4 paksuja lumikinoksia. T\u00e4ss\u00e4 muutamia vinkkej\u00e4, kun valmistaudumme kasvukauteen&#8230;&#8221;<\/em><\/p>\n<p>N\u00e4m\u00e4 ja monet muut vinkit ja ohjeet \u00a0l\u00f6yd\u00e4t t\u00e4\u00e4lt\u00e4!<\/p>\n<p>&nbsp;<\/p>\n<p>&nbsp;<\/p>\n<table width=\"95%\" border=\"0\" align=\"center\">\n<tbody>\n<tr>\n<td><a href=\"https:\/\/kainuunpuutarhayhdistys.fi\/2013\/wp-content\/uploads\/2014\/03\/Keinopesat_valmistusohje_kuvallinen.pdf\">Keinopesat_valmistusohje_kuvallinen<\/a><\/td>\n<td><a href=\"https:\/\/kainuunpuutarhayhdistys.fi\/2013\/wp-content\/uploads\/2013\/04\/vastanteko.pdf\">Vastanteko<\/a><\/td>\n<td><a href=\"https:\/\/kainuunpuutarhayhdistys.fi\/2013\/wp-content\/uploads\/2013\/04\/hyodynna_satoa.pdf\">Hy\u00f6dynn\u00e4_satoa<\/a><\/td>\n<\/tr>\n<tr>\n<td><a href=\"https:\/\/kainuunpuutarhayhdistys.fi\/2013\/wp-content\/uploads\/2013\/04\/perennojen_kasvatus.pdf\" target=\"_blank\">Perennojen kasvatus <\/a><\/td>\n<td><a href=\"https:\/\/kainuunpuutarhayhdistys.fi\/2013\/wp-content\/uploads\/2013\/04\/pensaiden_leikkaus.pdf\">Pensaiden leikkaus <\/a><\/td>\n<td><a href=\"https:\/\/kainuunpuutarhayhdistys.fi\/2013\/wp-content\/uploads\/2013\/04\/ruusun_vuosi_2002.pdf\">Ruusun vuosi 2002 <\/a><\/td>\n<\/tr>\n<tr>\n<td><a href=\"https:\/\/kainuunpuutarhayhdistys.fi\/2013\/wp-content\/uploads\/2013\/04\/uusia_vihanneksia.pdf\" target=\"_blank\">Uusia vihanneksia<\/a><\/td>\n<td><a href=\"https:\/\/kainuunpuutarhayhdistys.fi\/2013\/wp-content\/uploads\/2013\/04\/kurpitsojen_viljely.pdf\">Kurpitsojen viljely <\/a><\/td>\n<td><a href=\"https:\/\/kainuunpuutarhayhdistys.fi\/2013\/wp-content\/uploads\/2013\/04\/uusi_kasvukausi.pdf\">Uusi kasvukausi <\/a><\/td>\n<\/tr>\n<tr>\n<td><a href=\"https:\/\/kainuunpuutarhayhdistys.fi\/2013\/wp-content\/uploads\/2013\/04\/mesimarjan_viljely.pdf\">Mesimarjan viljely <\/a><\/td>\n<td><a href=\"https:\/\/kainuunpuutarhayhdistys.fi\/2013\/wp-content\/uploads\/2013\/04\/luomutorjunta.pdf\">Luomutorjunta <\/a><\/td>\n<td><a href=\"https:\/\/kainuunpuutarhayhdistys.fi\/2013\/wp-content\/uploads\/2013\/04\/omenan_viljely.pdf\">Omenan viljely <\/a><\/td>\n<\/tr>\n<tr>\n<td><a href=\"https:\/\/kainuunpuutarhayhdistys.fi\/2013\/wp-content\/uploads\/2013\/04\/palsternakan_viljely.pdf\">Palsternakka ja sen viljely <\/a><\/td>\n<td><a href=\"https:\/\/kainuunpuutarhayhdistys.fi\/2013\/wp-content\/uploads\/2013\/04\/lakan_viljely.pdf\" target=\"_blank\">Lakan viljely <\/a><\/td>\n<td><a href=\"https:\/\/kainuunpuutarhayhdistys.fi\/2013\/wp-content\/uploads\/2013\/04\/tyrnin_viljely.pdf\">Tyrnin viljely <\/a><\/td>\n<\/tr>\n<tr>\n<td><a href=\"https:\/\/kainuunpuutarhayhdistys.fi\/2013\/wp-content\/uploads\/2013\/04\/syysistutus.pdf\">Syysistutus <\/a><\/td>\n<td>\u00a0<a href=\"https:\/\/kainuunpuutarhayhdistys.fi\/2013\/wp-content\/uploads\/2013\/04\/kylva_kouli_karaise.pdf\" target=\"_blank\">Kylv\u00e4, kouli ja karaise<\/a><\/td>\n<td><a href=\"https:\/\/kainuunpuutarhayhdistys.fi\/2013\/wp-content\/uploads\/2015\/05\/Kotilot.pdf\">Kotilot<\/a><\/td>\n<\/tr>\n<tr>\n<td><\/td>\n<td><\/td>\n<td><\/td>\n<\/tr>\n<tr>\n<td><\/td>\n<td><\/td>\n<td><\/td>\n<\/tr>\n<tr>\n<td><\/td>\n<td><\/td>\n<td><\/td>\n<\/tr>\n<tr>\n<td><\/td>\n<td><\/td>\n<td><\/td>\n<\/tr>\n<\/tbody>\n<\/table>\n","protected":false},"excerpt":{"rendered":"<p>&#8221;Kev\u00e4taurinko kutittaa jo kummasti viherpeukalon sormia puutarhat\u00f6ihin. Ennen varsinaista kasvukauden alkua voimmekin jo tehd\u00e4 paljon puutarhamme hyv\u00e4ksi, vaikka ulkona onkin toista metri\u00e4 paksuja lumikinoksia. T\u00e4ss\u00e4 muutamia vinkkej\u00e4, kun valmistaudumme kasvukauteen&#8230;&#8221; N\u00e4m\u00e4 ja monet muut vinkit ja ohjeet \u00a0l\u00f6yd\u00e4t t\u00e4\u00e4lt\u00e4! &nbsp; &nbsp; Keinopesat_valmistusohje_kuvallinen Vastanteko Hy\u00f6dynn\u00e4_satoa Perennojen kasvatus Pensaiden leikkaus Ruusun vuosi 2002 Uusia vihanneksia Kurpitsojen viljely&#8230;<\/p>\n<p class=\"more-link-wrap\"><a href=\"https:\/\/kainuunpuutarhayhdistys.fi\/?page_id=188\" class=\"more-link\">Read More<span class=\"screen-reader-text\"> &ldquo;Tietoiskut&rdquo;<\/span> &raquo;<\/a><\/p>\n","protected":false},"author":2,"featured_media":0,"parent":0,"menu_order":4,"comment_status":"closed","ping_status":"closed","template":"","meta":{"footnotes":""},"class_list":["post-188","page","type-page","status-publish","hentry"],"_links":{"self":[{"href":"https:\/\/kainuunpuutarhayhdistys.fi\/index.php?rest_route=\/wp\/v2\/pages\/188","targetHints":{"allow":["GET"]}}],"collection":[{"href":"https:\/\/kainuunpuutarhayhdistys.fi\/index.php?rest_route=\/wp\/v2\/pages"}],"about":[{"href":"https:\/\/kainuunpuutarhayhdistys.fi\/index.php?rest_route=\/wp\/v2\/types\/page"}],"author":[{"embeddable":true,"href":"https:\/\/kainuunpuutarhayhdistys.fi\/index.php?rest_route=\/wp\/v2\/users\/2"}],"replies":[{"embeddable":true,"href":"https:\/\/kainuunpuutarhayhdistys.fi\/index.php?rest_route=%2Fwp%2Fv2%2Fcomments&post=188"}],"version-history":[{"count":7,"href":"https:\/\/kainuunpuutarhayhdistys.fi\/index.php?rest_route=\/wp\/v2\/pages\/188\/revisions"}],"predecessor-version":[{"id":192,"href":"https:\/\/kainuunpuutarhayhdistys.fi\/index.php?rest_route=\/wp\/v2\/pages\/188\/revisions\/192"}],"wp:attachment":[{"href":"https:\/\/kainuunpuutarhayhdistys.fi\/index.php?rest_route=%2Fwp%2Fv2%2Fmedia&parent=188"}],"curies":[{"name":"wp","href":"https:\/\/api.w.org\/{rel}","templated":true}]}}